e -2*q - c = -0*q. List the prime factors of -1 + (-4 - 1*q).
79
Let b(m) = m**3 + 5*m**2 + 6*m + 6. Let q be b(-6). Let n = q + 90. What are the prime factors of n?
2, 3
Let o(d) = 1999*d**2 - 2*d - 16. List the prime factors of o(-2).
2, 499
Let f(h) be the third derivative of -h**5/60 - 5*h**4/24 + 4*h**2. Let t be f(-6). List the prime factors of 1144/14 + t/(-21).
2, 41
Suppose -105*y + 5308182 + 242454 = -3*y. What are the prime factors of y?
2, 7, 13, 23
Let r(v) = 78*v + 1333. List the prime factors of r(8).
19, 103
Let q = -29970 - -49412. What are the prime factors of q?
2, 9721
Let g be 177132/54 + 7 + 4/(-18). Suppose -19*v + 1919 + g = 0. List the prime factors of v.
2, 137
Let z = 34 + -30. What are the prime factors of 1110/z - 15/(-10)?
3, 31
Let i(s) be the second derivative of 7*s**3/2 + 87*s**2/2 - 68*s. What are the prime factors of i(12)?
3, 113
Let y(p) = 2*p - 16. Let r be y(9). Suppose 5*v = q + 1, -2*v - r + 1 = q. Suppose -3*l + 218 - 92 = v. List the prime factors of l.
2, 3, 7
Let z = 1734 - 521. Suppose -2*o - 2*o = 3*c - 1616, 3*o + 2*c = z. What are the prime factors of o?
11, 37
Let s = 10800 - -5493. What are the prime factors of s?
3, 5431
Let l(s) = -3 + 2 + 14*s**2 + 3 - 1 - 2*s. Let p = 309 + -306. List the prime factors of l(p).
11
Let f(h) = 60*h**3 - 18*h**2 + 84*h - 20. What are the prime factors of f(5)?
2, 5, 149
Suppose l + 353 = -m + 1034, -2*l - 4*m + 1356 = 0. Let p = 647 + l. What are the prime factors of p?
11
What are the prime factors of 23/(-138)*4/2 + (-26432)/(-6)?
5, 881
Suppose 0 = h, -114*b + 117*b + 2*h = 266907. List the prime factors of b.
88969
Suppose 11 - 7 = -a. Let w be ((-419)/a)/(24/96). Suppose -5*q + 4*k = -437, q - 2*k = 6*q - w. List the prime factors of q.
5, 17
Suppose 0 = 4*i + v - 204682, 79*i - 76*i - 153504 = 3*v. List the prime factors of i.
2, 5, 7, 17, 43
Let v = 5850 + -3547. List the prime factors of v.
7, 47
Let m = -1807 - -9599. List the prime factors of m.
2, 487
Let s(t) = 42*t**2 + 147*t + 962. What are the prime factors of s(-7)?
11, 181
List the prime factors of 34676112/1624 - 18/14.
3, 11, 647
Let y = -86515 - -129245. What are the prime factors of y?
2, 5, 4273
Suppose -r - 265*j = -267*j - 29781, -7*r + 208410 = 5*j. What are the prime factors of r?
3, 5, 397
Suppose -84*x + 91242 + 89298 = 15228. List the prime factors of x.
2, 3, 41
Let g(o) = -o**3 + 13*o**2 + 48*o + 5. Let j be g(16). Let x(l) = 47*l**2 - 12*l + 6. What are the prime factors of x(j)?
19, 59
Let m = -5 - -10. Let v(c) = -c**3 + 33*c**2 + c - 30. Let d be v(33). Suppose -4*o + b + 293 = -405, d*b + 869 = m*o. What are the prime factors of o?
5, 7
Suppose -2*u - 30*u + 32 = 0. What are the prime factors of (-2654 - u)*(230/(-50) - -4)?
3, 59
Let k(q) = 4369*q - 471. What are the prime factors of k(2)?
7, 1181
Let o(n) be the first derivative of n**4/4 + 4*n**3 + 13*n**2/2 - 11*n + 292. Suppose -5*h + 2*h - 30 = 0. List the prime factors of o(h).
59
Suppose -501632 = 39*c - 41*c. Let b be c/208 - 4/(-26). Suppose 5*l + b = 14*l. List the prime factors of l.
2, 67
Let w = -3731 - -6521. What are the prime factors of w?
2, 3, 5, 31
Suppose 7*f + 1014 = 4*f. Let h be 1/5 + f/65. List the prime factors of (-367)/h + (-8)/20.
73
Let t = -9012 - -15802. List the prime factors of t.
2, 5, 7, 97
Let y(c) = c**3 + 11*c**2 - 2248*c - 71. What are the prime factors of y(45)?
43, 283
Suppose -3*l = -4*l + 212. Suppose 334*o = 363*o - 3017 - 753. Suppose -5*b = -n + o, -n - l = -3*n - 2*b. List the prime factors of n.
2, 5, 11
Suppose 0 = 4*w - 17 + 5. Suppose -2*p + 442 = -2*u + 4*u, 5*u - w*p = 1145. Suppose -u = -2*m + 90. What are the prime factors of m?
2, 79
Let n = 655 + 39. Suppose l + 4*l = 4*k + 857, k - n = -4*l. What are the prime factors of l?
173
Suppose -99 - 34 = -7*m. Let r(h) = 6*h + 24. Let p be r(m). Let z = -66 + p. List the prime factors of z.
2, 3
Suppose -q = -5*n - 15, n = 5*q + 3*n - 129. Let m = 13 - q. List the prime factors of 2 - (m*18)/3.
2, 37
List the prime factors of ((-408216)/10)/(-4) + 136/(-340).
5, 13, 157
Let h be (-46)/(-8) - 5/((-160)/(-24)). Suppose s + 664 = 2*r - r, -3*r - h*s = -2024. List the prime factors of r.
2, 167
Let c(d) = 73*d - 186. Let v be c(10). Suppose -4*i + 2*k + v + 1544 = 0, -2612 = -5*i + 2*k. List the prime factors of i.
2, 131
Let k(c) be the first derivative of c**4/4 - 14*c**3/3 - 5*c**2 + 81. Let b be (-1 + -1)/((-2)/15). List the prime factors of k(b).
3, 5
Let q = -32 - -26. Let g be q/(-9) - 4829/(-33). Let j = g + -31. What are the prime factors of j?
2, 29
Let a(k) = 22*k**3 + 3*k**2 - 2*k + 5. Let x be a(3). Let h = -236 + x. List the prime factors of h.
2, 3
Suppose 3*j - 2*q - 21897 = 0, -j + 45*q = 43*q - 7295. List the prime factors of j.
7, 149
Let t be (1 - 2)/((-3)/(-6)). List the prime factors of 477 - (-5 + (-22)/t).
3, 157
Let g(j) be the second derivative of j**5/30 + j**4/8 + 133*j**3/6 + 13*j**2 - 15*j. Let m(p) be the first derivative of g(p). List the prime factors of m(0).
7, 19
Let j = 39184 + -20088. List the prime factors of j.
2, 7, 11, 31
Let g = -143 + 146. Suppose g*x = -129 + 1038. List the prime factors of x.
3, 101
What are the prime factors of (-510)/714 - (-75409)/7?
2, 2693
Suppose 5*x + 4*j - 2129 - 141 = 0, 3*j = -x + 443. What are the prime factors of x?
2, 229
Let u = 15825 - -2664. List the prime factors of u.
3, 6163
Suppose -2163 = 3*k + 4*z + 2541, -4*z = -5*k - 7872. Let b be k/(-9) - (-3)/9. What are the prime factors of (-64)/(-10)*b/14?
2, 5
Let r = -44 + 93. Let o = 53 - r. Suppose 5*m = o*d - 0*m - 443, -3*d + m + 324 = 0. List the prime factors of d.
107
List the prime factors of 742340/25 + 1 + 252/(-45) + 6.
5, 5939
Suppose 4*u + 2*t - 14 = 0, 2*u - 2*t - 10 = -0*t. Suppose 0 = -3*c + 2*d - d + 123, 164 = 4*c + u*d. Let v = c - 17. List the prime factors of v.
2, 3
Let k(c) = 12*c + 1. Let i(u) = -13*u. Let j(b) = -6*i(b) - 5*k(b). Let p be -4 + (-4 - -22*(-5)/(-10)). What are the prime factors of j(p)?
7
Let p = -152 + -6. Let z = p - -423. Suppose -5*c + 283 = -c + 5*f, -f - z = -4*c. List the prime factors of c.
67
Suppose 7*r = 5*r + 12. Let m(k) = 3*k**2 - 12*k + 12. Let x be m(r). Suppose -542 - x = -10*h. What are the prime factors of h?
59
Let n be (1 - 5)*(10591/(-28) + 1). Let m = 2601 - n. List the prime factors of m.
2, 3, 7, 13
Suppose -14*m + 11*m = 12, -9 = -5*p - 4*m. Suppose 5*w - 4550 = -p*q, 7*w - q = 4*w + 2710. What are the prime factors of w?
5, 181
Let w = -36583 - -116294. List the prime factors of w.
79, 1009
Let w(a) = -42*a - 5. Let u be w(-2). Let d = -8 + u. Suppose -d = -4*b + r, -8 = -3*b - 3*r + 49. List the prime factors of b.
2, 3
Let t(r) = 542*r - 5377. List the prime factors of t(77).
3, 12119
Let t = 62 - 80. Let j be 12/t - (-764)/3. Suppose -j = -y - v + 11, 2*v - 798 = -3*y. What are the prime factors of y?
2, 67
Let s(l) = -233*l**3 + 7*l**2 + 217*l + 1075. What are the prime factors of s(-5)?
2, 5, 29, 101
Suppose -296 = -10*f + 574. Let t = 98 - f. Suppose 8*z - 1853 = t. List the prime factors of z.
233
Suppose -18595 = -2*b - 3*v, -4*b - 5951 = 2*v - 43129. List the prime factors of b.
9293
Let o(p) = -187*p**2 - 3*p - 2. Let d(k) = -7*k - 18 - 40*k**2 + 3*k + 15 - 148*k**2. Let j(b) = 2*d(b) - 3*o(b). What are the prime factors of j(-1)?
2, 23
Suppose -6*i + 37*i = 848625. What are the prime factors of i?
3, 5, 73
Suppose -2*g + 29983 = -5*k + 137555, -4*k + 86056 = -2*g. What are the prime factors of k?
2, 3, 11, 163
Suppose 0 = 5*k - 2*n - 620, 4*k + k - 610 = 4*n. Suppose -3*z + k + 291 = 0. What are the prime factors of z?
139
Let x = 438 + -415. List the prime factors of (-23 - x)*33/(-2).
3, 11, 23
Let u be ((-81)/12 - 3 - 2)*-4. Suppose 1 = v - 1. Suppose c = -v*z + u, 6*z + 2*c - 117 = z. What are the prime factors of z?
23
Suppose 0 = -70*x + 87*x - 130373. List the prime factors of x.
7669
Suppose -827 = 3*f - 4*f + 3*r, 0 = -5*r - 25. Suppose -h + 3*i = -333 + 67, 3*h - f = 2*i. List the prime factors of h.
2, 17
Suppose -10394859 = -274*k - 921035. List the prime factors of k.
2, 2161
Suppose 4*s + d - 26 = 3*d, -4*d - 32 = -3*s. Let g = 5153 + -5148. Suppose 0 = -h - g, -s*h = -5*m + 126 + 264. List the prime fact